{"id":149,"date":"2025-05-30T22:09:57","date_gmt":"2025-05-30T20:09:57","guid":{"rendered":"https:\/\/klubvss.cz\/?page_id=149"},"modified":"2025-05-30T22:11:18","modified_gmt":"2025-05-30T20:11:18","slug":"aktualne-horke-kralici-leto","status":"publish","type":"page","link":"https:\/\/klubvss.cz\/?page_id=149","title":{"rendered":"Aktu\u00e1ln\u011b \u2013 hork\u00e9 kr\u00e1li\u010d\u00ed l\u00e9to"},"content":{"rendered":"\n<p><\/p>\n\n\n\n<p>Tepl\u00e9 obdob\u00ed roku je z pohledu nebezpe\u010d\u00ed roz\u0161\u00ed\u0159en\u00ed nemoc\u00ed kr\u00e1l\u00edk\u016f v\u017edy kritick\u00e9. Letos to<br>bude l\u00e9to z\u0159ejm\u011b opravdu hork\u00e9 \u2013 nejen pr\u016fb\u011bhem tropick\u00e9ho po\u010das\u00ed.<br>U\u017e v t\u011bchto dnech a t\u00fddnech zaznamen\u00e1v\u00e1me n\u00e1sleduj\u00edc\u00ed problematick\u00e9 a\u017e kritick\u00e9 situace:<\/p>\n\n\n\n<ol class=\"wp-block-list\">\n<li>Hromadn\u00e9 \u00fahyny neo\u010dkovan\u00fdch kr\u00e1l\u00edk\u016f \u2013 v\u00fdskyt kr\u00e1li\u010d\u00edho moru (virov\u00e9 hemoragick\u00e9<br>onemocn\u011bn\u00ed \u2013 RHD) nen\u00ed neobvykl\u00e9 a je p\u0159edv\u00eddateln\u00e9. V chovu, kde nebyli kr\u00e1l\u00edci<br>vakcinov\u00e1ni, mus\u00edme se ztr\u00e1tami a\u017e sto procentn\u00edmi po\u010d\u00edtat v\u017edy. Aktu\u00e1ln\u011b se<br>hromadn\u00e9 \u00fahyny vyskytly na \u0159ad\u011b m\u00edst st\u0159edn\u00edch \u010cech, konkr\u00e9tn\u00ed zpr\u00e1vy m\u00e1me nap\u0159.<br>z mladoboleslavska a nebo z kaplicka<\/li>\n\n\n\n<li>Nov\u011b byly zaznamen\u00e1ny i probl\u00e9my v chovech nao\u010dkovan\u00fdch proti RHD, kde<br>hromadn\u011b uhynula kojen\u00e1 kr\u00e1l\u00ed\u010data ve v\u011bku 25 \u2013 30 dn\u00ed (ztr\u00e1ty a\u017e 100%) p\u0159i\u010dem\u017e<br>nao\u010dkovan\u00ed kr\u00e1l\u00edci nebyli posti\u017eeni a v\u0161e p\u0159ekonali. P\u0159edb\u011b\u017en\u011b je v\u00e1\u017en\u00e9 podez\u0159en\u00ed na<br>v\u00fdskyt odli\u0161n\u00e9 formy moru kr\u00e1l\u00edk\u016f tzv. RHD 2 (viz \u010dl\u00e1nky v \u010dasopise Chovatel). Na<br>mo\u017enost vzniku t\u00e9to situace jsme ji\u017e d\u0159\u00edve upozor\u0148ovali \u2013 nejv\u00edce jsou posti\u017eeny<br>z\u00e1padn\u00ed a severn\u00ed \u010cechy v p\u0159\u00edhrani\u010d\u00ed &#8211; jak bylo mo\u017eno p\u0159edv\u00eddat. \u0160\u00ed\u0159en\u00ed viru RHD je<br>mo\u017en\u00e9 v\u0161emi mysliteln\u00fdmi cestami nap\u0159. v\u0161udy p\u0159\u00edtomn\u00fdm prachem i vzdu\u0161n\u00fdm<br>proud\u011bn\u00edm. Na m\u00edst\u011b je tedy \u201euzav\u0159en\u00ed chovu\u201c p\u0159ed jak\u00fdmikoli vlivy zven\u010d\u00ed.<\/li>\n\n\n\n<li>V posledn\u00edch dnech se ji\u017e objevila i ohniska myxomat\u00f3zy (MXT) nap\u0159. v okol\u00ed Brna,<br>p\u0159esto, \u017ee v\u00fdskyt hlavn\u00edch p\u0159ena\u0161e\u010d\u016f \u2013 kom\u00e1r\u016f \u2013 je dosud minim\u00e1ln\u00ed. K roz\u0161\u00ed\u0159en\u00ed<br>kom\u00e1r\u016f k infek\u010dn\u00ed vln\u011b v\u0161ak sta\u010d\u00ed jeden naka\u017een\u00fd kr\u00e1l\u00edk a mal\u00e1 n\u00e1dr\u017e k namno\u017een\u00ed<br>kom\u00e1r\u016f zapomenut\u00e1 za k\u016flnou. Vhodnou prevenc\u00ed je zamezen\u00ed p\u0159\u00edstupu hmyzu do<br>chovatelsk\u00e9ho za\u0159\u00edzen\u00ed ke kr\u00e1l\u00edk\u016fm nap\u0159. s\u00edt\u011bmi.<br>S v\u00fdskytem obou virov\u00fdch n\u00e1kaz kr\u00e1l\u00edk\u016f moru a myxomat\u00f3zy mus\u00ed zku\u0161en\u00fd chovatel v\u017edy<br>po\u010d\u00edtat. Jedinou spolehlivou ochranou chov\u016f kr\u00e1l\u00edk\u016f je v\u010dasn\u00e9 preventivn\u00ed o\u010dkov\u00e1n\u00ed, dosud<br>z\u0159ejm\u011b i z velk\u00e9 m\u00edry proti RHD 2. M\u00edra spolehlivosti v\u0161ak z\u00e1vis\u00ed na mnoha a mnoha<br>okolnostech.<br>Zku\u0161enosti s \u00fa\u010dinnost\u00ed \u010desk\u00fdch dom\u00e1c\u00edch vakc\u00edn jsou dosud v\u00fdborn\u00e9 a to i v p\u0159\u00edpad\u011b na\u0161ich<br>dosud omezen\u00fdch zku\u0161enost\u00ed s RHD 2. K RHD 2 podnik\u00e1me kroky k objektivn\u00ed diagnostice i<br>z\u00edsk\u00e1n\u00ed specifick\u00fdch vakc\u00edn ze zahrani\u010d\u00ed.<br>V pln\u00e9m rozsahu plat\u00ed doporu\u010dovan\u00e1 opat\u0159en\u00ed z publikovan\u00fdch \u010dl\u00e1nk\u016f (v p\u0159\u00edloze).<br>P\u0159eji klidn\u00e9 l\u00e9to a zdrav\u00e9 kr\u00e1l\u00ed\u010dky.<br>MVDr. Miloslav MARTINEC, Ph.D.<\/li>\n\n\n\n<li>\u010dervence 2017<\/li>\n<\/ol>\n","protected":false},"excerpt":{"rendered":"<p>Tepl\u00e9 obdob\u00ed roku je z pohledu nebezpe\u010d\u00ed roz\u0161\u00ed\u0159en\u00ed nemoc\u00ed kr\u00e1l\u00edk\u016f v\u017edy kritick\u00e9. Letos tobude l\u00e9to z\u0159ejm\u011b opravdu hork\u00e9 \u2013 nejen pr\u016fb\u011bhem tropick\u00e9ho po\u010das\u00ed.U\u017e v t\u011bchto dnech a t\u00fddnech zaznamen\u00e1v\u00e1me n\u00e1sleduj\u00edc\u00ed problematick\u00e9 a\u017e kritick\u00e9 situace:<\/p>\n","protected":false},"author":1,"featured_media":0,"parent":58,"menu_order":-9,"comment_status":"closed","ping_status":"closed","template":"","meta":{"ngg_post_thumbnail":0,"footnotes":""},"class_list":["post-149","page","type-page","status-publish","hentry","nodate","item-wrap"],"_links":{"self":[{"href":"https:\/\/klubvss.cz\/index.php?rest_route=\/wp\/v2\/pages\/149","targetHints":{"allow":["GET"]}}],"collection":[{"href":"https:\/\/klubvss.cz\/index.php?rest_route=\/wp\/v2\/pages"}],"about":[{"href":"https:\/\/klubvss.cz\/index.php?rest_route=\/wp\/v2\/types\/page"}],"author":[{"embeddable":true,"href":"https:\/\/klubvss.cz\/index.php?rest_route=\/wp\/v2\/users\/1"}],"replies":[{"embeddable":true,"href":"https:\/\/klubvss.cz\/index.php?rest_route=%2Fwp%2Fv2%2Fcomments&post=149"}],"version-history":[{"count":2,"href":"https:\/\/klubvss.cz\/index.php?rest_route=\/wp\/v2\/pages\/149\/revisions"}],"predecessor-version":[{"id":151,"href":"https:\/\/klubvss.cz\/index.php?rest_route=\/wp\/v2\/pages\/149\/revisions\/151"}],"up":[{"embeddable":true,"href":"https:\/\/klubvss.cz\/index.php?rest_route=\/wp\/v2\/pages\/58"}],"wp:attachment":[{"href":"https:\/\/klubvss.cz\/index.php?rest_route=%2Fwp%2Fv2%2Fmedia&parent=149"}],"curies":[{"name":"wp","href":"https:\/\/api.w.org\/{rel}","templated":true}]}}