{"id":1753,"date":"2025-12-17T08:10:58","date_gmt":"2025-12-17T07:10:58","guid":{"rendered":"https:\/\/klubvss.cz\/?page_id=1753"},"modified":"2025-12-22T12:58:47","modified_gmt":"2025-12-22T11:58:47","slug":"online-registrace","status":"publish","type":"page","link":"https:\/\/klubvss.cz\/?page_id=1753","title":{"rendered":"Online registrace"},"content":{"rendered":"\n<p>Rok 2025 se ch\u00fdl\u00ed ke konci a s n\u00edm p\u0159ich\u00e1z\u00ed kl\u00ed\u010dov\u00e1 zm\u011bna pro n\u00e1s v\u0161echny- pln\u00fd p\u0159echod na online registrace odchov\u016f.<\/p>\n\n\n\n<p>Pevn\u011b v\u011b\u0159\u00edme, \u017ee tento krok n\u00e1m v\u0161em p\u0159inese v\u00fdraznou \u00fasporu \u010dasu a zjednodu\u0161en\u00ed administrativy, kter\u00fd budeme moci pln\u011b v\u011bnovat na\u0161im \ud83d\udc07<\/p>\n\n\n\n<p>Z\u00e1rove\u0148 ch\u00e1peme, \u017ee ka\u017ed\u00e1 novinka si vy\u017e\u00e1d\u00e1 \u010das na adaptaci. Pokud se p\u0159i zad\u00e1v\u00e1n\u00ed Va\u0161ich odchov\u016f setk\u00e1te s jak\u00fdmkoliv probl\u00e9mem nebo nejasnost\u00ed, nev\u00e1hejte kontaktovat \u010dleny V\u00fdboru klubu (Kuba Linek, Gabriela Pila\u0159ov\u00e1, Tom\u00e1\u0161 Andrle, Ji\u0159\u00ed \u0160ubr nebo Petra K\u0159\u00ed\u017ekov\u00e1), kte\u0159\u00ed V\u00e1m r\u00e1di se zad\u00e1n\u00edm odchovu pomohou \ud83e\udd29<\/p>\n\n\n\n<p>Z\u00e1rove\u0148 vkl\u00e1d\u00e1m do soubor\u016f zde na FB podrobn\u00fd n\u00e1vod, jak se v online registraci pohybovat. Tento n\u00e1vod bude vlo\u017een i na na\u0161ich webov\u00fdch str\u00e1nk\u00e1ch klubvss.cz a ve\u0161ker\u00e9 informace dohled\u00e1te na str\u00e1nk\u00e1ch \u010cSCH.&nbsp;<\/p>\n\n\n\n<p><a href=\"https:\/\/www.cschdz.eu\/odbornosti\/kralici\/on-line-registrace.aspx\">https:\/\/www.cschdz.eu\/odbornosti\/kralici\/on-line-registrace.aspx<\/a><\/p>\n\n\n\n<p><\/p>\n\n\n\n<div data-wp-interactive=\"core\/file\" class=\"wp-block-file\"><object data-wp-bind--hidden=\"!state.hasPdfPreview\" hidden class=\"wp-block-file__embed\" data=\"https:\/\/klubvss.cz\/wp-content\/uploads\/2025\/12\/JAk-zadat-noveho-uzivatele-do-aplikace.pdf\" type=\"application\/pdf\" style=\"width:100%;height:600px\" aria-label=\"Vlo\u017eit z JAk zadat nov\u00e9ho u\u017eivatele do aplikace.\"><\/object><a id=\"wp-block-file--media-6f5a52e0-a47e-44ba-aa8c-9632e6a45704\" href=\"https:\/\/klubvss.cz\/wp-content\/uploads\/2025\/12\/JAk-zadat-noveho-uzivatele-do-aplikace.pdf\">JAk zadat nov\u00e9ho u\u017eivatele do aplikace<\/a><a href=\"https:\/\/klubvss.cz\/wp-content\/uploads\/2025\/12\/JAk-zadat-noveho-uzivatele-do-aplikace.pdf\" class=\"wp-block-file__button wp-element-button\" download aria-describedby=\"wp-block-file--media-6f5a52e0-a47e-44ba-aa8c-9632e6a45704\">St\u00e1hnout<\/a><\/div>\n\n\n\n<div data-wp-interactive=\"core\/file\" class=\"wp-block-file\"><object data-wp-bind--hidden=\"!state.hasPdfPreview\" hidden class=\"wp-block-file__embed\" data=\"https:\/\/klubvss.cz\/wp-content\/uploads\/2025\/12\/Jak-zadat-novy-odchov.pdf\" type=\"application\/pdf\" style=\"width:100%;height:600px\" aria-label=\"Vlo\u017eit z Jak zadat nov\u00fd odchov.\"><\/object><a id=\"wp-block-file--media-2a012a1b-a63f-4910-a900-2e2e29435f21\" href=\"https:\/\/klubvss.cz\/wp-content\/uploads\/2025\/12\/Jak-zadat-novy-odchov.pdf\">Jak zadat nov\u00fd odchov<\/a><a href=\"https:\/\/klubvss.cz\/wp-content\/uploads\/2025\/12\/Jak-zadat-novy-odchov.pdf\" class=\"wp-block-file__button wp-element-button\" download aria-describedby=\"wp-block-file--media-2a012a1b-a63f-4910-a900-2e2e29435f21\">St\u00e1hnout<\/a><\/div>\n\n\n\n<div data-wp-interactive=\"core\/file\" class=\"wp-block-file\"><object data-wp-bind--hidden=\"!state.hasPdfPreview\" hidden class=\"wp-block-file__embed\" data=\"https:\/\/klubvss.cz\/wp-content\/uploads\/2025\/12\/Liniova-registrace.pdf\" type=\"application\/pdf\" style=\"width:100%;height:600px\" aria-label=\"Vlo\u017eit z Liniov\u00e1 registrace.\"><\/object><a id=\"wp-block-file--media-43819f57-e701-471a-8ce2-8af53ca962bc\" href=\"https:\/\/klubvss.cz\/wp-content\/uploads\/2025\/12\/Liniova-registrace.pdf\">Liniov\u00e1 registrace<\/a><a href=\"https:\/\/klubvss.cz\/wp-content\/uploads\/2025\/12\/Liniova-registrace.pdf\" class=\"wp-block-file__button wp-element-button\" download aria-describedby=\"wp-block-file--media-43819f57-e701-471a-8ce2-8af53ca962bc\">St\u00e1hnout<\/a><\/div>\n\n\n\n<div class=\"wp-block-file\"><a id=\"wp-block-file--media-42f517bb-c7ce-4c37-8109-f118b9bb9ee5\" href=\"https:\/\/klubvss.cz\/wp-content\/uploads\/2025\/12\/Navod-prvni-prihlaseni.docx\">N\u00e1vod-prvn\u00ed p\u0159ihl\u00e1\u0161en\u00ed<\/a><a href=\"https:\/\/klubvss.cz\/wp-content\/uploads\/2025\/12\/Navod-prvni-prihlaseni.docx\" class=\"wp-block-file__button wp-element-button\" download aria-describedby=\"wp-block-file--media-42f517bb-c7ce-4c37-8109-f118b9bb9ee5\">St\u00e1hnout<\/a><\/div>\n\n\n\n<div data-wp-interactive=\"core\/file\" class=\"wp-block-file\"><object data-wp-bind--hidden=\"!state.hasPdfPreview\" hidden class=\"wp-block-file__embed\" data=\"https:\/\/klubvss.cz\/wp-content\/uploads\/2025\/12\/Otazky-a-odpovedi.pdf\" type=\"application\/pdf\" style=\"width:100%;height:600px\" aria-label=\"Vlo\u017eit z Ot\u00e1zky a odpov\u011bdi.\"><\/object><a id=\"wp-block-file--media-58b4e5cd-3836-4b5a-b127-bf03801ce4cd\" href=\"https:\/\/klubvss.cz\/wp-content\/uploads\/2025\/12\/Otazky-a-odpovedi.pdf\">Ot\u00e1zky a odpov\u011bdi<\/a><a href=\"https:\/\/klubvss.cz\/wp-content\/uploads\/2025\/12\/Otazky-a-odpovedi.pdf\" class=\"wp-block-file__button wp-element-button\" download aria-describedby=\"wp-block-file--media-58b4e5cd-3836-4b5a-b127-bf03801ce4cd\">St\u00e1hnout<\/a><\/div>\n\n\n\n<div data-wp-interactive=\"core\/file\" class=\"wp-block-file\"><object data-wp-bind--hidden=\"!state.hasPdfPreview\" hidden class=\"wp-block-file__embed\" data=\"https:\/\/klubvss.cz\/wp-content\/uploads\/2025\/12\/Zmena-majitele-kralika.pdf\" type=\"application\/pdf\" style=\"width:100%;height:600px\" aria-label=\"Vlo\u017eit z Zm\u011bna majitele kr\u00e1l\u00edka.\"><\/object><a id=\"wp-block-file--media-4ebc090d-f135-4229-a00f-abaf33da25dd\" href=\"https:\/\/klubvss.cz\/wp-content\/uploads\/2025\/12\/Zmena-majitele-kralika.pdf\">Zm\u011bna majitele kr\u00e1l\u00edka<\/a><a href=\"https:\/\/klubvss.cz\/wp-content\/uploads\/2025\/12\/Zmena-majitele-kralika.pdf\" class=\"wp-block-file__button wp-element-button\" download aria-describedby=\"wp-block-file--media-4ebc090d-f135-4229-a00f-abaf33da25dd\">St\u00e1hnout<\/a><\/div>\n\n\n\n<div data-wp-interactive=\"core\/file\" class=\"wp-block-file\"><object data-wp-bind--hidden=\"!state.hasPdfPreview\" hidden class=\"wp-block-file__embed\" data=\"https:\/\/klubvss.cz\/wp-content\/uploads\/2025\/12\/Zmena-pohlavi-chovatel.pdf\" type=\"application\/pdf\" style=\"width:100%;height:600px\" aria-label=\"Vlo\u017eit z Zm\u011bna pohlav\u00ed-chovatel.\"><\/object><a id=\"wp-block-file--media-90ca2baa-7ed0-4e8d-99f3-691b8920a5bd\" href=\"https:\/\/klubvss.cz\/wp-content\/uploads\/2025\/12\/Zmena-pohlavi-chovatel.pdf\">Zm\u011bna pohlav\u00ed-chovatel<\/a><a href=\"https:\/\/klubvss.cz\/wp-content\/uploads\/2025\/12\/Zmena-pohlavi-chovatel.pdf\" class=\"wp-block-file__button wp-element-button\" download aria-describedby=\"wp-block-file--media-90ca2baa-7ed0-4e8d-99f3-691b8920a5bd\">St\u00e1hnout<\/a><\/div>\n\n\n\n<div class=\"wp-block-file\"><a id=\"wp-block-file--media-617e6015-bab8-4898-94aa-755cb2765edb\" href=\"https:\/\/klubvss.cz\/wp-content\/uploads\/2025\/12\/Registratori-k-2026.xlsx\">Registr\u00e1to\u0159i k 2026<\/a><a href=\"https:\/\/klubvss.cz\/wp-content\/uploads\/2025\/12\/Registratori-k-2026.xlsx\" class=\"wp-block-file__button wp-element-button\" download aria-describedby=\"wp-block-file--media-617e6015-bab8-4898-94aa-755cb2765edb\">St\u00e1hnout<\/a><\/div>\n\n\n\n<div class=\"wp-block-file\"><a id=\"wp-block-file--media-d1300d68-3e73-4d05-a358-1851307a38a5\" href=\"https:\/\/klubvss.cz\/wp-content\/uploads\/2025\/12\/Formular-Evidence-OO_klubu-v-ORK.xls\">Formul\u00e1\u0159 Evidence OO_klubu v ORK<\/a><a href=\"https:\/\/klubvss.cz\/wp-content\/uploads\/2025\/12\/Formular-Evidence-OO_klubu-v-ORK.xls\" class=\"wp-block-file__button wp-element-button\" download aria-describedby=\"wp-block-file--media-d1300d68-3e73-4d05-a358-1851307a38a5\">St\u00e1hnout<\/a><\/div>\n\n\n\n<div class=\"wp-block-file\"><a id=\"wp-block-file--media-15eb0f98-c19a-483c-83ef-21cf400d8521\" href=\"https:\/\/klubvss.cz\/wp-content\/uploads\/2025\/12\/On-line-registrace-kraliku-info-a-prirucka.docx\">On-line registrace kr\u00e1l\u00edk\u016f &#8211; info a p\u0159\u00edru\u010dka<\/a><a href=\"https:\/\/klubvss.cz\/wp-content\/uploads\/2025\/12\/On-line-registrace-kraliku-info-a-prirucka.docx\" class=\"wp-block-file__button wp-element-button\" download aria-describedby=\"wp-block-file--media-15eb0f98-c19a-483c-83ef-21cf400d8521\">St\u00e1hnout<\/a><\/div>\n\n\n\n<div data-wp-interactive=\"core\/file\" class=\"wp-block-file\"><object data-wp-bind--hidden=\"!state.hasPdfPreview\" hidden class=\"wp-block-file__embed\" data=\"https:\/\/klubvss.cz\/wp-content\/uploads\/2025\/12\/Rad-pro-registraci-a-tetovani-kraliku-2026.pdf\" type=\"application\/pdf\" style=\"width:100%;height:600px\" aria-label=\"Vlo\u017eit z \u0158\u00e1d pro registraci a tetov\u00e1n\u00ed kr\u00e1l\u00edk\u016f 2026.\"><\/object><a id=\"wp-block-file--media-8698e513-4897-4d0a-896f-2bd12c715c0f\" href=\"https:\/\/klubvss.cz\/wp-content\/uploads\/2025\/12\/Rad-pro-registraci-a-tetovani-kraliku-2026.pdf\">\u0158\u00e1d pro registraci a tetov\u00e1n\u00ed kr\u00e1l\u00edk\u016f 2026<\/a><a href=\"https:\/\/klubvss.cz\/wp-content\/uploads\/2025\/12\/Rad-pro-registraci-a-tetovani-kraliku-2026.pdf\" class=\"wp-block-file__button wp-element-button\" download aria-describedby=\"wp-block-file--media-8698e513-4897-4d0a-896f-2bd12c715c0f\">St\u00e1hnout<\/a><\/div>\n","protected":false},"excerpt":{"rendered":"<p>Rok 2025 se ch\u00fdl\u00ed ke konci a s n\u00edm p\u0159ich\u00e1z\u00ed kl\u00ed\u010dov\u00e1 zm\u011bna pro n\u00e1s v\u0161echny- pln\u00fd p\u0159echod na online registrace odchov\u016f. Pevn\u011b v\u011b\u0159\u00edme, \u017ee tento krok n\u00e1m v\u0161em p\u0159inese v\u00fdraznou \u00fasporu \u010dasu a zjednodu\u0161en\u00ed administrativy, kter\u00fd budeme moci pln\u011b v\u011bnovat na\u0161im \ud83d\udc07 Z\u00e1rove\u0148 ch\u00e1peme, \u017ee ka\u017ed\u00e1 novinka si vy\u017e\u00e1d\u00e1 \u010das na adaptaci. Pokud se p\u0159i &hellip; <\/p>\n<p><a class=\"more-link btn\" href=\"https:\/\/klubvss.cz\/?page_id=1753\">Pokra\u010dovat ve \u010dten\u00ed<\/a><\/p>\n","protected":false},"author":1,"featured_media":0,"parent":0,"menu_order":-2,"comment_status":"closed","ping_status":"closed","template":"","meta":{"ngg_post_thumbnail":0,"footnotes":""},"class_list":["post-1753","page","type-page","status-publish","hentry","nodate","item-wrap"],"_links":{"self":[{"href":"https:\/\/klubvss.cz\/index.php?rest_route=\/wp\/v2\/pages\/1753","targetHints":{"allow":["GET"]}}],"collection":[{"href":"https:\/\/klubvss.cz\/index.php?rest_route=\/wp\/v2\/pages"}],"about":[{"href":"https:\/\/klubvss.cz\/index.php?rest_route=\/wp\/v2\/types\/page"}],"author":[{"embeddable":true,"href":"https:\/\/klubvss.cz\/index.php?rest_route=\/wp\/v2\/users\/1"}],"replies":[{"embeddable":true,"href":"https:\/\/klubvss.cz\/index.php?rest_route=%2Fwp%2Fv2%2Fcomments&post=1753"}],"version-history":[{"count":3,"href":"https:\/\/klubvss.cz\/index.php?rest_route=\/wp\/v2\/pages\/1753\/revisions"}],"predecessor-version":[{"id":1799,"href":"https:\/\/klubvss.cz\/index.php?rest_route=\/wp\/v2\/pages\/1753\/revisions\/1799"}],"wp:attachment":[{"href":"https:\/\/klubvss.cz\/index.php?rest_route=%2Fwp%2Fv2%2Fmedia&parent=1753"}],"curies":[{"name":"wp","href":"https:\/\/api.w.org\/{rel}","templated":true}]}}