{"id":2159,"date":"2026-03-10T08:11:35","date_gmt":"2026-03-10T07:11:35","guid":{"rendered":"https:\/\/klubvss.cz\/?page_id=2159"},"modified":"2026-03-10T08:15:26","modified_gmt":"2026-03-10T07:15:26","slug":"navsteva-u-zuzky-macakove","status":"publish","type":"page","link":"https:\/\/klubvss.cz\/?page_id=2159","title":{"rendered":"N\u00e1v\u0161t\u011bva u Zuzky Mac\u00e1kov\u00e9"},"content":{"rendered":"\n<div data-wp-interactive=\"core\/file\" class=\"wp-block-file\"><object data-wp-bind--hidden=\"!state.hasPdfPreview\" hidden class=\"wp-block-file__embed\" data=\"https:\/\/klubvss.cz\/wp-content\/uploads\/2026\/03\/Zuzka-pdf-konecna-verze-1.pdf\" type=\"application\/pdf\" style=\"width:100%;height:600px\" aria-label=\"Vlo\u017eit z Zuzka pdf kone\u010dn\u00e1 verze (1).\"><\/object><a id=\"wp-block-file--media-eb8c6a57-eaa0-45c6-b66c-12b8cd8ffbe6\" href=\"https:\/\/klubvss.cz\/wp-content\/uploads\/2026\/03\/Zuzka-pdf-konecna-verze-1.pdf\">Zuzka pdf kone\u010dn\u00e1 verze (1)<\/a><a href=\"https:\/\/klubvss.cz\/wp-content\/uploads\/2026\/03\/Zuzka-pdf-konecna-verze-1.pdf\" class=\"wp-block-file__button wp-element-button\" download aria-describedby=\"wp-block-file--media-eb8c6a57-eaa0-45c6-b66c-12b8cd8ffbe6\">St\u00e1hnout<\/a><\/div>\n","protected":false},"excerpt":{"rendered":"","protected":false},"author":1,"featured_media":0,"parent":21,"menu_order":0,"comment_status":"closed","ping_status":"closed","template":"","meta":{"ngg_post_thumbnail":0,"footnotes":""},"class_list":["post-2159","page","type-page","status-publish","hentry","nodate","item-wrap"],"_links":{"self":[{"href":"https:\/\/klubvss.cz\/index.php?rest_route=\/wp\/v2\/pages\/2159","targetHints":{"allow":["GET"]}}],"collection":[{"href":"https:\/\/klubvss.cz\/index.php?rest_route=\/wp\/v2\/pages"}],"about":[{"href":"https:\/\/klubvss.cz\/index.php?rest_route=\/wp\/v2\/types\/page"}],"author":[{"embeddable":true,"href":"https:\/\/klubvss.cz\/index.php?rest_route=\/wp\/v2\/users\/1"}],"replies":[{"embeddable":true,"href":"https:\/\/klubvss.cz\/index.php?rest_route=%2Fwp%2Fv2%2Fcomments&post=2159"}],"version-history":[{"count":2,"href":"https:\/\/klubvss.cz\/index.php?rest_route=\/wp\/v2\/pages\/2159\/revisions"}],"predecessor-version":[{"id":2164,"href":"https:\/\/klubvss.cz\/index.php?rest_route=\/wp\/v2\/pages\/2159\/revisions\/2164"}],"up":[{"embeddable":true,"href":"https:\/\/klubvss.cz\/index.php?rest_route=\/wp\/v2\/pages\/21"}],"wp:attachment":[{"href":"https:\/\/klubvss.cz\/index.php?rest_route=%2Fwp%2Fv2%2Fmedia&parent=2159"}],"curies":[{"name":"wp","href":"https:\/\/api.w.org\/{rel}","templated":true}]}}