{"id":672,"date":"2025-09-28T22:14:26","date_gmt":"2025-09-28T20:14:26","guid":{"rendered":"https:\/\/klubvss.cz\/?page_id=672"},"modified":"2025-11-17T18:39:36","modified_gmt":"2025-11-17T17:39:36","slug":"33-specialni-vystava2010","status":"publish","type":"page","link":"https:\/\/klubvss.cz\/?page_id=672","title":{"rendered":"33. speci\u00e1ln\u00ed v\u00fdstava(2010)"},"content":{"rendered":"\n<p><strong>V\u00fdsledky 33. speci\u00e1ln\u00ed v\u00fdstavy Vss \u2013 T\u00fdni\u0161t\u011b n. Orlic\u00ed 2010:<\/strong><\/p>\n\n\n\n<div class=\"wp-block-file\"><a id=\"wp-block-file--media-b9fcb5de-463d-4d7b-a068-82e1378f352b\" href=\"https:\/\/klubvss.cz\/wp-content\/uploads\/2025\/11\/KatalogVSS2010.xls\">KatalogVSS2010<\/a><a href=\"https:\/\/klubvss.cz\/wp-content\/uploads\/2025\/11\/KatalogVSS2010.xls\" class=\"wp-block-file__button wp-element-button\" download aria-describedby=\"wp-block-file--media-b9fcb5de-463d-4d7b-a068-82e1378f352b\">St\u00e1hnout<\/a><\/div>\n\n\n\n<div class=\"wp-block-file\"><a id=\"wp-block-file--media-53721ab9-d2d2-4d1f-8182-4e650b19ddc9\" href=\"https:\/\/klubvss.cz\/wp-content\/uploads\/2025\/11\/33VSS.docx\">33VSS<\/a><a href=\"https:\/\/klubvss.cz\/wp-content\/uploads\/2025\/11\/33VSS.docx\" class=\"wp-block-file__button wp-element-button\" download aria-describedby=\"wp-block-file--media-53721ab9-d2d2-4d1f-8182-4e650b19ddc9\">St\u00e1hnout<\/a><\/div>\n\n\n\n<p>Foto:<\/p>\n\n\n\n<figure class=\"wp-block-gallery has-nested-images columns-default is-cropped wp-block-gallery-1 is-layout-flex wp-block-gallery-is-layout-flex\">\n<figure class=\"wp-block-image size-large\"><img loading=\"lazy\" decoding=\"async\" width=\"300\" height=\"225\" data-id=\"673\" src=\"https:\/\/klubvss.cz\/wp-content\/uploads\/2025\/09\/ViteznySamec2010-300x225-1.jpg\" alt=\"\" class=\"wp-image-673\"\/><figcaption class=\"wp-element-caption\">V\u00edt\u011bzn\u00fd samec 2010 &#8211; Chovatel Ji\u0159\u00ed \u0160ubr<\/figcaption><\/figure>\n\n\n\n<figure class=\"wp-block-image size-large\"><img loading=\"lazy\" decoding=\"async\" width=\"300\" height=\"220\" data-id=\"674\" src=\"https:\/\/klubvss.cz\/wp-content\/uploads\/2025\/09\/ViteznaSamice2010-300x220-1.jpg\" alt=\"\" class=\"wp-image-674\"\/><figcaption class=\"wp-element-caption\">V\u00edt\u011bzn\u00e1 samice 2010 &#8211; Chovatel Miroslav Mart\u00ednek<\/figcaption><\/figure>\n<\/figure>\n","protected":false},"excerpt":{"rendered":"<p>V\u00fdsledky 33. speci\u00e1ln\u00ed v\u00fdstavy Vss \u2013 T\u00fdni\u0161t\u011b n. Orlic\u00ed 2010: Foto:<\/p>\n","protected":false},"author":1,"featured_media":0,"parent":60,"menu_order":13,"comment_status":"closed","ping_status":"closed","template":"","meta":{"ngg_post_thumbnail":0,"footnotes":""},"class_list":["post-672","page","type-page","status-publish","hentry","nodate","item-wrap"],"_links":{"self":[{"href":"https:\/\/klubvss.cz\/index.php?rest_route=\/wp\/v2\/pages\/672","targetHints":{"allow":["GET"]}}],"collection":[{"href":"https:\/\/klubvss.cz\/index.php?rest_route=\/wp\/v2\/pages"}],"about":[{"href":"https:\/\/klubvss.cz\/index.php?rest_route=\/wp\/v2\/types\/page"}],"author":[{"embeddable":true,"href":"https:\/\/klubvss.cz\/index.php?rest_route=\/wp\/v2\/users\/1"}],"replies":[{"embeddable":true,"href":"https:\/\/klubvss.cz\/index.php?rest_route=%2Fwp%2Fv2%2Fcomments&post=672"}],"version-history":[{"count":3,"href":"https:\/\/klubvss.cz\/index.php?rest_route=\/wp\/v2\/pages\/672\/revisions"}],"predecessor-version":[{"id":867,"href":"https:\/\/klubvss.cz\/index.php?rest_route=\/wp\/v2\/pages\/672\/revisions\/867"}],"up":[{"embeddable":true,"href":"https:\/\/klubvss.cz\/index.php?rest_route=\/wp\/v2\/pages\/60"}],"wp:attachment":[{"href":"https:\/\/klubvss.cz\/index.php?rest_route=%2Fwp%2Fv2%2Fmedia&parent=672"}],"curies":[{"name":"wp","href":"https:\/\/api.w.org\/{rel}","templated":true}]}}